4
Evaluate -1 - -3 - (42 - 39) - -9.
8
0 - (-3 + -2 + 2 + 2)
1
Calculate 12 + -1 - (-4 - (-17 + 11)).
9
(-2 - 0) + 1 - (-101 + 104)
-4
What is 4 - (-2 + 16 + -7)?
-3
What is the value of 3 + -5 + 1 + -6 - -2?
-5
Evaluate -2 - (1 - 1) - (18 - 16).
-4
4 - (-3 - 1 - -5) - 1
2
Evaluate (9 - 3) + 4 + -10 + 9.
9
Calculate -5 - (0 + -20 + 4 + 6).
5
-3 + 9 + 0 + -3 + 1
4
What is the value of 5 - (-2 + 3) - (10 + -3)?
-3
Calculate -13 + 8 - (1 - (0 - -3)).
-3
Calculate 1 + -5 + -3 + 1.
-6
Evaluate -2 + 1 + -5 + 1 + 7.
2
What is the value of (-7 - (2 - 2)) + 1 + 1?
-5
Evaluate -3 - (4 - 8) - (1 + -4).
4
What is the value of 1 + (-11 - (-2 - 2) - -8)?
2
Evaluate -3 + 1 + (-41 - -43) + 0.
0
What is -2 - ((-17 - -8) + 9)?
-2
What is the value of -1 - (3 - (-2 + 2))?
-4
What is (5 - ((6 - -4) + -1)) + -2?
-6
7 + (1 - -3) + -6
5
(-3 - -8 - (4 - 1)) + 4
6
What is the value of 1 - 1 - (7 - 7)?
0
Calculate (0 + (6 - 5) - 8) + -4.
-11
Calculate 4 + 2 + -2 + 0.
4
Evaluate (2 - 6 - -7) + -3.
0
What is the value of 4 - (-8 - -17) - -13?
8
What is -10 + (-1 + 11 - 5)?
-5
What is the value of 2 + (-1 - (4 - 2) - -5)?
4
What is 4 + (-3 - (0 - 5 - -16))?
-10
Evaluate -4 + 2 - (8 - 11 - -7).
-6
Calculate 2 - 1 - (-9 + 2 + 6).
2
What is (2 - (-1 - -10)) + -176 + 177?
-6
-2 + 2 + -4 + 0
-4
What is the value of 34 - 24 - (6 + -1 - 0)?
5
Calculate 7 - (3 + 0 - 3).
7
What is 3 + -1 - (2 - -3)?
-3
What is -12 + (-5 - -7) - -6?
-4
What is the value of (-6 - (18 + -8)) + 7 - -5?
-4
Calculate (6 - 2) + -32 + 31.
3
Evaluate 12 + (14 - 19) + -10.
-3
What is -7 + 1 + (6 - 1)?
-1
What is (-14 - -21) + -3 + -1 + -5?
-2
What is (5 + (-8 - 1) - 0) + 5?
1
Calculate (2 - (7 + -2)) + 24 + -23.
-2
Evaluate 4 - (-7 + 6) - 2.
3
2 - 1 - (-3 + 4 - 5)
5
What is -16 - -13 - (0 - -1 - 4)?
0
Calculate -4 + (0 - -3 - -2).
1
Calculate (2 - (-4 + 4)) + -5.
-3
Calculate 9 - 6 - (-13 - (-12 - -6)).
10
What is 0 + 3 + 4 + -1 + -14?
-8
2 - (-3 + 7 - 0)
-2
What is (-6 - -13) + -10 + -3?
-6
Calculate 6 - 2 - ((3 - 5) + 1).
5
Calculate -2 + (8 - (2 - (-6 + 3))).
1
Calculate -3 + 0 + -1 + 3.
-1
What is -10 + 8 + 8 + 2 + -7?
1
What is the value of 6 - ((3 - 3) + 3 + 3)?
0
Evaluate 40 + -42 - (0 + -2 - -9).
-9
What is the value of (-2 - (-5 + 1)) + -1 + -4?
-3
What is -5 + 0 + 7 + (4 - 1)?
5
8 + (10 - 21) - -7
4
Evaluate 28 + -26 - (1 - 3).
4
Calculate -2 - ((83 - 79) + (0 - 8)).
2
What is 2 + -6 - (38 + -37)?
-5
What is (1 - 2) + (-1 - 2)?
-4
Calculate -1 + 2 - (-11 + 10 - 0).
2
Evaluate -2 - (-8 - (-20 + 9)).
-5
Calculate -2 - -5 - (3 - -2).
-2
Calculate 9 + (-2 - 4) - 4.
-1
Calculate (-1 - (4 - (4 + -3))) + 1.
-3
What is the value of 2 + -3 + 2 + -4 - -5?
2
(-12 - (-9 - 9)) + -13
-7
Evaluate 1 - (5 + -7 + 4 + -8).
7
Evaluate 9 - ((-7 - 1) + 14 - 3).
6
What is the value of -20 + 7 + 7 - (-7 - 2)?
3
Evaluate -6 - (-11 + (3 - 4) + 2).
4
What is -26 - -3 - -8 - -8?
-7
What is -11 + -6 + -6 + 27?
4
Evaluate -1 + 8 + -6 + -1.
0
Evaluate 4 + (-4 - (2 - -3)).
-5
Calculate (11 - (18 - 5)) + (-2 - 1).
-5
What is 0 - ((-2 - -9) + -3)?
-4
What is (2 + -3 - 1) + (8 - 8)?
-2
Calculate 3 + -10 + 10 + -2.
1
What is 0 + 0 + 6 + -11 + 5?
0
What is (-1 - -7) + -1 + 0?
5
What is -1 + 2 + -3 - 3?
-5
What is the value of -16 + 14 + (-6 - -1 - -2)?
-5
Evaluate 3 - (10 + -1) - -3 - 4.
-7
What is the value of (-11 - (8 - 15)) + 6?
2
Calculate 1 + 1 + -4 + 3.
1
What is 7 + (-5 + 9 - (1 + 2))?
8
Calculate 8 - (15 + -10 + 2).
1
(-7 - -6) + 2 + -2
-1
What is the value of 5 - 5 - 0 - (-1 + -5)?
6
What is the value of (0 - 1) + -9 + 5 + 3?
-2
Evaluate 6 + -4 + -11 + (1 - -5).
-3
Evaluate (-4 - (5 + -7)) + 0.
-2
What is the value of 0 + 3 - ((-1 - 7) + 9)?
2
What is (2 - 7) + (-16 - -13 - -1)?
-7
5 + 1 + (-2 - (-1 - -5))
0
Evaluate (2 - (2 - 0)) + 0 + 1.
1
Evaluate -1 + (0 + -4 - -1).
-4
Calculate -15 - -13 - (-3 + (0 - 0)).
1
(2 - 4) + 7 + -2
3
Evaluate 61 - 69 - (-1 - 17).
10
-7 + (14 - 1 - -4) - 5
5
Evaluate (-1 - (3 - (4 + -5))) + 6.
1
What is -1 - (0 + -2 + 1)?
0
Evaluate -10 - (-2 - (-7 - -10)).
-5
What is -1 + -11 + (-13 - (17 + -33))?
-9
-2 + -2 - (1 + -4 + 2)
-3
(1 - (-6 + 1)) + 34 + -43
-3
What is the value of 4 + -9 - (-7 - -2)?
0
Calculate 0 + -6 + -8 + 9.
-5
Calculate 67 + -65 - (8 + -1).
-5
(-6 - 0) + -10 + 15
-1
Evaluate -9 - (3 + -5 - 7).
0
Calculate 0 + -7 - (12 + -4 - 10).
-5
Calculate -8 + 18 + -4 - 13.
-7
-1 + -3 + 5 + 0 + -3
-2
Evaluate -3 + 11 - 5 - 1.
2
(4 - -2) + 0 - 4 - -8
10
Evaluate (-3 - -14 - 14) + 0 + 9.
6
6 + (-2 - -1) + (0 - 6)
-1
Evaluate 3 - (0 - 2) - 0.
5
What is 4 - ((-2 - -2) + 7)?
-3
Evaluate 8 - (-2 + (8 - -3) - 5).
4
What is the value of -1 - (-11 + 0) - (-68 + 68)?
10
What is the value of (-2 + -2 - -8) + (-3 - 1)?
0
-7 + (4 - (3 + -2))
-4
(-3 - (-2 - -6)) + 8
1
(-2 - ((4 - 3) + -10)) + -4
3
What is the value of 57 + -64 - (2 + -3 - 11)?
5
What is (2 - 7) + -1 + 1 + 0?
-5
What is -2 - (3 + -8 - -4)?
-1
Calculate 0 - (-3 - (5 + -3)).
5
Calculate 4 + 1 + -5 - (-2 - 2).
4
What is (0 - -13 - 10) + (-2 - 10)?
-9
What is the value of (-3 - (-4 + (1 - 3))) + -2?
1
What is -2 + -1 + (1 - 1) + 3?
0
-7 + -8 + (6 - -8)
-1
Evaluate 1 + -2 - (-6 - -5).
0
6 - (-10 + (4 - -8))
4
Evaluate -23 + 10 + (1 - -8).
-4
What is 4 + -3 - (3 - (0 - 0))?
-2
Evaluate -2 + 11 + -12 - (0 + 2).
-5
What is -17 + 4 - (-18 + 4)?
1
What is the value of (-3 - (8 + -12)) + -1?
0
Calculate 2 - (2 - 0 - (0 + -4)).
-4
Calculate (14 - (-4 + 31)) + 6.
-7
-1 + 13 - (42 - 30)
0
What is the value of 6 - (-4 - (-15 + 7) - -2)?
0
Evaluate -6 + 6 + -9 + 4.
-5
-2 + (5 + -8 + -2 - -4)
-3
What is the value of 1 + (-3 + 1 - -5 - 0)?
4
What is the value of 1 + -3 + 9 + -3?
4
-39 + 43 + 1 + -6
-1
Evaluate 0 + (7 - (3 + -1)) - 3.
2
Calculate 4 + -3 + 3 - (-23 - -26).
1
Evaluate 6 + -3 - (0 + 0) - 0.
3
Calculate -4 - -3 - 2 - -3.
0
Evaluate -6 + 2 - -1 - -7.
4
13 + 2 - (-1 + 10)
6
15 - (-4 - -4 - -11)
4
What is the value of -12 - (-5 + 4) - -8 - -5?
2
Evaluate 6 - 0 - 2 - -1.
5
What is the value of 2 - (-18 + 31) - (-5 + 1)?
-7
What is the value of -10 + 15 + -2 + 2?
5
-1 - -7 - ((-6 - -18) + -17)
11
(2 - (-5 + 2)) + -4
1
What is the value of -10 + 10 + 3 + -6?
-3
What is -2 - (-2 - (2 - 4))?
-2
Evaluate 0 + -2 + 2 + 1 - 0.
1
Evaluate -4 + 14 + -5 - (-4 - -7).
2
What is 0 - -6 - (15 - 11)?
2
Evaluate (-2 + 2 - 0) + (20 - 17).
3
Calculate 8 - (12 - -2 - 2).
-4
What is the value of 3 - -7 - (-1 + 2 + 5)?
4
What is the value of (-23 - -25) + 2 + -2?
2
Calculate (-3 - 2) + 7 + 6 + -5.
3
What is -10 + (-16 - -15) + (-2 - -7)?
-6
Evaluate 6 - (3 + (-5 - -2) + 3).
3
What is the value of (1 - (2 - (-1 - -1))) + -1?
-2
What is the value of (11 - 3) + -7 + -6?
-5
(1 - (-4 - -7)) + 7
5
What is (-2 - 8) + 2 + (-5 - -8)?
-5
What is -39 + 46 - (1 - (0 + 1))?
7
Evaluate 4 + (-3 + 2 - -1).
4
0 + (3 - (-3 + 2 + 4))
0
Calculate 2 + (-5 + 3 - 0).
0
What is the value of 11 - 19 - -10 - -4?
6
What is the value of 0 + -4 - -7 - (10 - 2)?
-5
What is the value of 0 - (-1 - -3 - 1) - -1?
0
Calculate (-3 - (0 + -3) - 7) + 2.
-5
(-2 - -3) + -6 + 10 + -5
0
What is 7 + -6 + 2 - -2?
5
-2 + (0 - (2 + -4) - 4)
-4
(1 - (-1 - (-3 + -2))) + 2
-1
What is 10 - (-2 + (2 + 2 - 0))?
8
What is the value of -6 - (1 + 5 + -11)?
-1
Calculate 2 - (16 + -5) - -14.
5
What is the value of 2 + -2 + 1 - -3?
4
Calculate 1 + -8 - (-1 - 2).
-4
Evaluate -7 - (-9 + -2 - -6).
-2
Evaluate -5 - -4 - (0 + 1) - 3.
-5
Evaluate -9 - ((-14 - -22) + (-1 - 11)).
-5
-11 + 19 + 4 - (4 + 1)
7
-3 + -4 + (-1 - -1)
-7
Calculate -2 + 4 + 0 - 10.
-8
-5 - -11 - (-2 + 3)
5
What is the value of 5 + 2 + -4 + -3?
0
Calculate 8 + -2 + (-9 - (-3 + -4)).
4
Evaluate 1 + (9 - 9) - 5.
-4
Evaluate 7 - (-1 + 5) - (3 - -4).
-4
What is (4 - 4) + -9 + (-34 - -52)?
9
What is the value of -8 - -2 - (0 - 4) - -8?
6
What is the value of (-1 - -10) + -14 - (2 - 1)?
-6
What is -4 - (6 + (10 - 20))?
0
Calculate -1 + (-1 - 2 - -4).
0
Calculate (80 - 84) + (8 - -1).
5
What is the value of 6 - 30 - (2 + -15)?
-11
(3 - 3) + 1 - 9 - -4
-4
What is -3 + (5 - (5 + -3 + -1))?
1
9 - (-3 - -14) - (0 - 1)
-1
Calculate 4 + -6 + -3 + (2 - -4).
1
What is the value of -5 + 8 + (-5 - 3)?
-5
What is -1 - (3 - 3) - -2?
1
Evaluate -10 - (-11 - -5) - -3.
-1
Evaluate (19 - (-1 + 19)) + 1 + -8.
-6
Evaluate 1 + 1 - (5 + -3 - 4).
4
What is 15 + -26 - -14 - (2 - 1)?
2